e prime factors of o(h).
3, 7
Suppose 0 = -2*g + 6*g - 304. What are the prime factors of g?
2, 19
Let a = -82 + 202. Suppose 40 + 55 = 5*f + d, 0 = 5*f - 4*d - a. List the prime factors of ((-188)/f)/((-1)/5).
47
Let v(l) = -l**2 + 5*l + 8. Let a be v(0). Suppose 53 = a*r - 203. What are the prime factors of r?
2
Suppose 5*u - 292 = 5*g - g, -g - 298 = -5*u. Let v be (-1 - -1)/2 + 192. What are the prime factors of v/u - 2/10?
3
Let t(x) be the third derivative of x**4/6 + 3*x**3/2 + x**2. Suppose -289 + 361 = 9*d. What are the prime factors of t(d)?
41
Let a = 156 + -1. What are the prime factors of a?
5, 31
Suppose 3*b + 6 = 0, -6 = -4*a + 2*b - 3*b. Suppose a*k - k - 4 = 0. What are the prime factors of (-4)/k + 5 + 1?
5
Suppose 2*p = 3*m - 6596, -6*p + 3*p - 8796 = -4*m. What are the prime factors of m?
2, 3, 61
Let k = 744 + -298. What are the prime factors of k?
2, 223
Suppose -3*j + 4*j - 2*a = -8, 11 = -4*j + a. Let t be 143 + 0/1 + j. Suppose t - 11 = 5*o. List the prime factors of o.
2, 13
Let v(x) = -40*x + 473. What are the prime factors of v(-19)?
3, 137
Let j = -3 + 4. What are the prime factors of 3 - 3/((-1)/29*j)?
2, 3, 5
Let y be 64/(-3)*(2 - -1). Suppose -8*u - 56 = -4*u. Let k = u - y. List the prime factors of k.
2, 5
Suppose 2*c - 223 = -g + 7*c, -5*g = 2*c - 1223. What are the prime factors of g?
3
Let f = -12 + 5. Suppose -28 = 18*q - 16*q. Let s = f - q. List the prime factors of s.
7
Let l = -24 - -14. Let n be 69/5 - 2/l. List the prime factors of 1/(2/n)*3.
3, 7
Suppose 8 = -5*y + 23. Let s(p) = 14*p**2 - 7*p + 10. Let f be s(y). Suppose 17 = 3*h - f. List the prime factors of h.
2, 11
Let q(n) = -n**2 + 2*n + 6. Suppose -25 = -5*i + 2*z, 2*i - 3*z - 10 = 11. What are the prime factors of q(i)?
3
Let z be -21*2/(-4)*12/(-18). List the prime factors of (-16)/(-56) - 257/z.
37
Suppose i + 73 - 472 = y, -y = -3*i + 1191. What are the prime factors of i?
2, 3, 11
Let w = -17 - 38. Let f = -53 - 39. Let h = w - f. What are the prime factors of h?
37
Suppose 0 = -y + 2*y - 4. Suppose 4*p - 165 = -5*r, -11 - 9 = -y*r. Suppose 0 = -5*b + 5 + p. What are the prime factors of b?
2
Let v = -5 - -7. Suppose 0*s + 109 = v*t - s, 4*t - 209 = -s. What are the prime factors of (-4 - -3) + t + -2?
2, 5
Let c(k) = k + 3. Let q be c(-11). List the prime factors of q/(-36) + 507/27.
19
Suppose -2*s + 5*t - t = -6, 3*t + 3 = s. Let k be -33*s/(-9)*-1. Let i = k - -28. What are the prime factors of i?
17
Suppose -4*q + q - 3*q = 0. Suppose -3*f - f + 220 = q. What are the prime factors of f?
5, 11
Let t(x) = 7*x + 3*x**3 + 3*x**3 + 9*x**2 - 8*x**3 + x**3. Let n be t(7). Suppose 6*m = -m + n. What are the prime factors of m?
3, 7
Let l(o) be the first derivative of 3*o**4/4 - 2*o**3 + 13*o**2/2 - 3*o + 50. What are the prime factors of l(5)?
7, 41
Let z = -1170 - -1783. Suppose -5*t + z = 2608. What are the prime factors of t/(-27) - 4/(-18)?
3, 5
Suppose -5*p - 14 - 61 = 0. Let k be 54/p + 2/(-5). What are the prime factors of (k/(-6))/((-4)/(-132))?
2, 11
Let v(n) be the second derivative of 2*n**3/3 + 5*n**2/2 - 4*n. List the prime factors of v(3).
17
Let v = 667 - 140. What are the prime factors of v?
17, 31
Let t(i) = -3*i + 17. Let q be t(13). Let g = 39 + q. What are the prime factors of g?
17
Let c(z) be the second derivative of -z**5/20 + 4*z**4/3 - 11*z**3/3 + 17*z**2 - 42*z. What are the prime factors of c(14)?
2, 59
Suppose 5*x = -5*i + 20, 5*i + x - 12 = 4*x. Suppose i*w - 5 = 34. What are the prime factors of w?
13
Let b = 2 + -2. Let l be b/(-1) - -1*11. Suppose 8*p = l*p - 108. List the prime factors of p.
2, 3
Suppose -7*y + 6*y - 13 = 0. Let b = 21 - y. What are the prime factors of b?
2, 17
Suppose -4*v + 336 = -696. Suppose -2*o - 2*w = -v, 3*w = o - w - 124. List the prime factors of o.
2
Let c(b) = 3*b - 87. Let f be c(29). Suppose 2*a - 181 - 183 = f. List the prime factors of a.
2, 7, 13
Let f = -3522 + 7218. What are the prime factors of f?
2, 3, 7, 11
Let x be 4/(-6) + -5 + (-34)/(-6). Suppose x = -3*l - l + 560. What are the prime factors of l?
2, 5, 7
Let p = -77 + 48. Let l = p + 131. List the prime factors of l.
2, 3, 17
Let z = -13 + 15. Suppose 4*l = z*d - 4*d + 4, -l + 15 = 4*d. Suppose -d*s + 7*s = 156. List the prime factors of s.
2, 13
Suppose 3*u - 674 - 271 = 0. Suppose 5*x - 4*q - 320 = 0, -5*x + 6*q - q + u = 0. List the prime factors of x.
2, 17
Suppose -z = -1 - 1. Suppose z*o + 2*o = 4*t + 20, -4*o + 2 = 5*t. Suppose -5*f = 5*m - 65, -m + 35 = -o*f + 14. List the prime factors of m.
3, 5
Suppose -40 = q - 6*q. Let z = 9 - q. Let k(v) = 40*v**3 + 2*v**2 - v + 1. What are the prime factors of k(z)?
2, 3, 7
Let r(n) = -n**2 + 3*n + 6. Let v be r(4). Suppose -v*q = 3*c + 323, -3*q = -2*c - 206 - 31. List the prime factors of 2/(2 + c/57).
2, 19
Suppose -5*f + 56 = -a, 0*a + a + 86 = -f. Let t be (-6)/27 + 0 + (-8808)/216. Let x = t - a. List the prime factors of x.
2, 5
Let b be (55 - -3) + (-12 - 36/(-6)). Let l(s) = 9*s**3 - 2*s + 1. Let g be l(1). Let a = b - g. List the prime factors of a.
2, 11
Suppose -3*f - 2*f = 325. Let o = -106 + 229. Let g = o + f. List the prime factors of g.
2, 29
Let c(d) = -d**2 - 9*d - 1. Let p be c(-10). Let v = p + 15. Suppose -5*y + 65 = x, -v*y = x - 3*x - 38. What are the prime factors of y?
2, 3
Let c(j) = 90*j**2 - 6*j - 19. What are the prime factors of c(-4)?
5, 17
Suppose -6*w = -w - 80. Let g = -8 + w. Suppose g*n = 4*n + 72. What are the prime factors of n?
2, 3
Let q(o) = -o**3 + 2*o**2 - 5*o + 1. Let n be q(3). Let c = 22 + n. List the prime factors of 14/c*(-44)/8.
7, 11
Let z = 28 - -45. Let k be (-3)/(-9)*6 + z. Suppose 5*n + 13 = 3*g, -g + 6*g + 5*n = k. List the prime factors of g.
11
Suppose -38*c + 12536 = -33*c + v, 0 = 3*c + 2*v - 7523. What are the prime factors of c?
23, 109
Suppose -3*d - 2*v = 2*v + 143, -d - 5*v = 55. Let n be (-4)/6 + (-570)/d. Let g(b) = -b**2 + 17*b - 14. What are the prime factors of g(n)?
2, 23
Suppose -9*i + 6*i + 3*p + 297 = 0, 0 = -2*p. List the prime factors of i.
3, 11
Let a = -30 - -32. Suppose 0 = -5*o - 0*k + k + 164, -4*o + 130 = -2*k. Suppose w + o = a*w. List the prime factors of w.
3, 11
Suppose 2*h = 3*q + 47 + 86, 153 = 2*h + q. Suppose 0 = -2*a - h + 308. List the prime factors of a.
3, 13
Let m(s) = -s + 1102. Let n be m(0). Suppose -5*b + y = -n, 168 = b + y - 56. What are the prime factors of b?
13, 17
Suppose -5*t + 1228 = -9*p + 5*p, 511 = 2*t + 5*p. List the prime factors of t.
2, 31
Let x be 4 + (0 + -3 - -5). Let d = 11 - x. Suppose w - d*w = -188. What are the prime factors of w?
47
Suppose -2*r - 2855 = -5*x - 94, -2*r + 545 = x. List the prime factors of x.
19, 29
Let k(p) = -10*p - 5*p + 17 + 16*p. Let z be k(8). Let u = z + 16. List the prime factors of u.
41
Let u = 6 + -12. Let r(f) = 4*f**2 + 15*f + 7. What are the prime factors of r(u)?
61
Let v(a) = 15*a**2 - 1 + 2 + 9 - a**3 + 8*a**2 - 16*a. List the prime factors of v(22).
2, 71
Suppose 5*y = p + 1966, -3*y + 909 + 257 = -4*p. What are the prime factors of y?
2, 197
List the prime factors of 2982/24 - (1/4 - 1).
5
Let g(u) = 3*u**2 - 5*u - 25. List the prime factors of g(-9).
263
Let j be 431/2 - (2 + 15/(-10)). Suppose -3*a - 3*z + 645 = 0, -a - 4*z = -0*z - j. What are the prime factors of a?
5, 43
Let i(h) = 2*h**2 - h + 73. Let g be i(0). Suppose -4*r + 23 = 3. Suppose g + 82 = r*c. List the prime factors of c.
31
Let x(s) = 51*s - 2. Let k be x(-1). Let r = k + 102. List the prime factors of r.
7
Let q(x) = x**3 + 10*x**2 + 10*x. Suppose -2*b - 2*b - 14 = -2*z, b = -5*z - 20. What are the prime factors of q(b)?
3, 5
Suppose -4*n + 3*f = 41, -4*n - 50 = n - 4*f. List the prime factors of ((-1544)/n - -1) + 4/(-14).
3, 37
What are the prime factors of 9/405*17285 - 2/18?
2, 3
Let a = 979 - 654. List the prime factors of a.
5, 13
Suppose -3*t - 5*j + 115 = 0, -13*j = 4*t - 10*j - 135. What are the prime factors of -9*-16*25/t?
2, 3, 5
Suppose 0 = 544*g - 528*g - 75248. What are the prime factors of g?
4703
Suppose 385 = 2*z + 5*h - 1489, -3*z = 5*h - 2811. What are the prime factors of z?
937
Suppose 2*j = -i + 6, -5*j + 0*i + 18 = i. What are the prime factors of ((-725)/10)/(-5)*j*1?
2, 29
Let v(r) be the second derivative o